 = f + -66. What is the remainder when 109 is divided by w?
25
Suppose 2*u - 3*l = 3776, -5*u + 24*l + 9482 = 27*l. What is the remainder when 3788 is divided by u?
0
Suppose 4*y + j = 15, -19*y + 21*y + 5*j = 3. Suppose 10*f + y*f = 280. Calculate the remainder when 79 is divided by f.
19
Let c = 149 + -38. Let k = 119 - c. Suppose k - 29 = -s. Calculate the remainder when 186 is divided by s.
18
Let b(j) = 3*j**2 + 9*j - 62. What is the remainder when 122 is divided by b(-7)?
12
Let q(y) = 2*y**2 + 37*y - 38. Let g(d) = 8*d**2 + 2*d - 1. Suppose -4*l + 0*l + 6 = -m, m = l. Calculate the remainder when g(l) is divided by q(-20).
13
Suppose 0 = 5*l - s - 3*s - 1778, 4*l = 3*s + 1422. Let x = l + -347. What is the remainder when 38 is divided by x?
3
Let k = -3233 - -3270. What is the remainder when 3251 is divided by k?
32
Calculate the remainder when 6625 is divided by 728/(-28) + 66 - 2*5.
25
Suppose -p - g = -37, p + 2*g - 3*g - 35 = 0. Suppose -64*b + 61*b + p = 0. Calculate the remainder when 19 is divided by b.
7
Suppose -4*g = g + 15. Suppose 0 = r + 11 - 18. Calculate the remainder when r is divided by -4*(2 - (-9)/g).
3
Let g(k) = -3*k**3 - 10*k**2 - 5*k - 6. What is the remainder when 4921 is divided by g(-4)?
45
Let m(n) = n**3 + 20*n**2 + 57*n + 87. Calculate the remainder when m(-15) is divided by 59.
3
What is the remainder when (-1536)/(-5) + 7372/1940 is divided by 198?
113
What is the remainder when 249 is divided by (-616)/(-10) - 2*9/30?
5
Suppose -98*n + 173 + 11 = -208. What is the remainder when 519 is divided by n?
3
Suppose -50*w + 16*w = 3154 - 26954. Calculate the remainder when w is divided by 225.
25
Let b(c) be the second derivative of c**4/12 + 2*c**3/3 - 9*c**2/2 + 82*c. Let l be 6 + (0 - 9/3). What is the remainder when 69 is divided by b(l)?
9
Let t(c) = -17*c**3 + 2*c**2 - 7*c - 10. Suppose 8*g - 165 + 173 = 0. Calculate the remainder when 93 is divided by t(g).
13
Let k(c) = 407*c + 25. Let l be k(1). Suppose -l*d - 2080 = -437*d. Calculate the remainder when d is divided by 28.
24
Suppose 2*r = 3*l - 486, 0*l + r = 2*l - 323. Suppose 7*v = 334 - 54. What is the remainder when l is divided by v?
0
Suppose z = 36 + 86. What is the remainder when z is divided by 54/(-45)*8/12*-20?
10
Let y = 540 + -332. Let c be (119/(-8) - 1) + 21/(-168). Let j = c - -46. What is the remainder when y is divided by j?
28
Suppose 0 = -n - 1, -4*t + 6*t - 5*n = 709. Suppose -9*x + t = -5*x. Let v(a) = -4*a - 9. Calculate the remainder when x is divided by v(-8).
19
Let x = 26 - 9. Suppose 0 = -h + 4 + x. What is the remainder when (6/36 + 3/6)*51 is divided by h?
13
Let b = 342 - 365. Let r(o) = 5*o + 120. Calculate the remainder when 21 is divided by r(b).
1
Suppose 75 - 80 = k, -2*m + 75 = -3*k. What is the remainder when 443 is divided by m?
23
Suppose -4*w + 671 = 655. Suppose 30*z - 1324 = -w. Calculate the remainder when 437 is divided by z.
41
Let p be (-589)/3*(-19 + 7). Let z = p - 1576. Calculate the remainder when z is divided by 23.
21
Suppose 108 - 41 = -4*j - n, 3*j + 3*n + 57 = 0. Calculate the remainder when (-4 - 44/j)*-156 is divided by 66.
63
Let j(n) = n**2 - 102*n + 2274. What is the remainder when j(81) is divided by 25?
23
Let m be (0 - -1)*1*60/15. Suppose -4*j + m*s = 0, -s = 5*j + 4*s - 20. Suppose 4*x - 10 = -j, -i = -2*x + 1. What is the remainder when 14 is divided by i?
2
Suppose 2*r - 3*s = 10, -6 = 2*r + s - 0*s. Calculate the remainder when 46 is divided by (-3)/3*(5 + 6)*r.
2
Suppose 2*x - 2*d = 18, 0 = 5*x - d - 26 - 51. Let f(s) = s + 2. Calculate the remainder when x is divided by f(4).
5
What is the remainder when 70770/49 - (-32)/(-112) is divided by 474?
22
Let y = 1529 - 1188. Calculate the remainder when y is divided by 35.
26
Let f(c) = -2395*c - 16591. Calculate the remainder when 533 is divided by f(-7).
11
What is the remainder when 547 is divided by (1/15 - (-1600)/375)*(-5 + 62)?
53
Suppose -7*k = 39909 - 40091. Calculate the remainder when 123 is divided by k.
19
Suppose -111*d = -30464 + 7709. Calculate the remainder when 245 is divided by d.
40
Let h(z) = -868*z**3 - 5*z**2 + 2*z + 6. What is the remainder when h(-1) is divided by 29?
26
Let s = -130 - -200. Suppose 209*a - 217*a + 992 = 0. Suppose -5*w + 4*r = -a, 0 = 2*r + 2. What is the remainder when s is divided by w?
22
Suppose -k = -0*x + 3*x + 1465, 5*x - 3*k + 2423 = 0. Let h = x + 496. Calculate the remainder when 54 is divided by h.
0
Let d = -25924 + 56836. What is the remainder when d is divided by 15?
12
Let s be 101*1/(0 + 1). Suppose 760 = 927*r - 935*r. Let n = r + s. What is the remainder when 16 is divided by n?
4
Suppose -2*i = 1 + 5, q + 5*i + 20 = 0. Suppose 2*o = 3*o + 1. Calculate the remainder when 33 is divided by 0/o + (-85)/q.
16
Suppose -215*l = -17*l - 51876. Calculate the remainder when 2599 is divided by l.
241
Suppose -v - 450 = -6*v. Suppose 660*i - 1917 = 447*i. Calculate the remainder when v is divided by i.
0
Let i(d) = 8*d**2 + 19*d - 11. Let c be i(-3). Suppose 4*l + c*o = 468, 3*l + 0*l = 3*o + 345. Calculate the remainder when l is divided by 50.
16
Suppose -5*h + 4246 = 5*p - 3*h, 9 = 3*h. Suppose -7*m = m - p. Calculate the remainder when m is divided by 18.
16
Let j = 72 + -68. Suppose -3*y = 20 - 14. What is the remainder when (y/((-6)/45))/1 is divided by j?
3
Suppose -21*n + 47*n - 45734 = 0. Suppose -n = 17*l - 8151. What is the remainder when l is divided by 63?
61
Let t = 15746 - 15728. Calculate the remainder when 229 is divided by t.
13
Let b be (-234)/(-4) + (-1)/(-2). Let s = b - 33. What is the remainder when 15/2*4*(-136)/(-40) is divided by s?
24
Let y = 12975 - 11928. What is the remainder when y is divided by 39?
33
Suppose 2*h + 3*v - 6 = 0, 5*h - 37 = 3*v + 20. Let r(g) = 5*g - 33. What is the remainder when r(19) is divided by h?
8
What is the remainder when 2325 is divided by 60/(-8 + 2)*(-19 - -18)?
5
Let i be 1 + -3 - 7/(21/114). Let u be i/(-30)*(-1 - -34). Let y = 89 - u. What is the remainder when 88 is divided by y?
43
Suppose -7*o + 1256 + 1488 = 0. Suppose -2 = -a - m + 134, -3*a + o = -5*m. What is the remainder when a is divided by 34?
32
Suppose -22*y - 410 = -32*y. Let h(u) be the first derivative of -u**3/3 - 9*u**2 + 6*u - 2. What is the remainder when y is divided by h(-17)?
18
Let n = 29 - 20. Let k = -8 + 86. What is the remainder when k is divided by n?
6
Let s = -4080 - -4260. Calculate the remainder when 737 is divided by s.
17
Suppose -160 = -20*y - 120. What is the remainder when 457 is divided by y?
1
Suppose -635*z + 2*r + 304 = -632*z, -404 = -4*z + 3*r. What is the remainder when 424 is divided by z?
8
Let o(b) = b**2 + 22*b + 79. Let i be o(-17). Let w(l) = l**3 + 8*l**2 + 3*l - 10. What is the remainder when w(i) is divided by 6?
2
Let z(c) = -2*c - 32. Let n be z(-22). Let y(s) = 3 + 2*s - s + 0*s. Calculate the remainder when y(n) is divided by 8.
7
Suppose -3*c + 4*m + 34 = 0, -2*c = 4*m - 1 - 15. Suppose 4*x - 146 = 36*y - 39*y, x - 109 = -2*y. What is the remainder when y is divided by c?
8
Let j be (20/(-3))/((-6)/((-18)/1)). Calculate the remainder when 181 is divided by (-552)/j*(-10)/(-6).
43
Suppose 5 + 56 = y. Suppose -4*d - c = -19, 0*c = -4*c + 12. Suppose -5*x + 13 = d*f, -15 = -3*f - 2*x - 0. What is the remainder when y is divided by f?
5
Let w(j) = -j**3 - 5*j**2 - 2*j + 10. What is the remainder when w(-9) is divided by 131?
90
Let a be 1845/105 - (-4)/(-7). Suppose 2*r + 3*m = a, 2*r + 1 - 24 = -m. Calculate the remainder when 16 is divided by r.
3
Suppose -4*c + 39 - 7 = 0. What is the remainder when 37 is divided by (1*-2)/(c/(-52))?
11
Suppose 32*l = -3*k + 36*l + 145, -3*k - l = -125. Calculate the remainder when 980 is divided by k.
34
Let a = -48 + 37. Let j = 23 + a. Suppose 4*v + 116 = 3*b, 4*b - v = -b + 216. What is the remainder when b is divided by j?
8
Let t(y) = y**3 - 7*y**2 + 5*y + 1. Suppose u = 4*r - 24, 2*r - 5*u + 0 = -6. What is the remainder when ((-142)/4)/(16/(-32)) is divided by t(r)?
35
Let u(i) = 4937*i + 21. What is the remainder when u(4) is divided by 17?
15
Suppose 671 = 4*p - t, -6*t + 7*t = -3*p + 498. Calculate the remainder when 642 is divided by p.
141
Let b = 370 + -347. Suppose 0